5 + -22. Suppose -26 = g*i - 59. What are the prime factors of i?
11
Let d be ((-4)/(-8))/(2/28). Suppose -2*w + 11 + d = 0. List the prime factors of w.
3
Suppose -3*b - 5*c + 207 = 0, b + c = 5*b - 276. List the prime factors of b.
3, 23
Let h(x) = -x**2 - x - 5. Let g be h(0). Let m = -7 - g. Let y = 11 + m. List the prime factors of y.
3
Let k be (-54)/(-15) + (-8)/(-20). Suppose 2*l + 16 = -4*v, -v + 0*l - 11 = k*l. List the prime factors of (-25)/v + 2/(-6).
2
What are the prime factors of ((-93)/(-18) - (-3)/2)*18?
2, 3, 5
Suppose -1 = -2*y + 3. Suppose 0*a - 10 = -y*a. List the prime factors of a.
5
Let j be (-2 - (2 - 2))*-4. Suppose -5*v - 17 = -82. Let q = v - j. List the prime factors of q.
5
Suppose -1 = -5*a + 134. What are the prime factors of a?
3
Suppose u - 899 = -5*b + 43, -u - 3 = 0. List the prime factors of b.
3, 7
Let p = -64 - -117. Suppose 11 = 4*k - p. List the prime factors of k.
2
Let s(x) be the third derivative of x**6/120 - 2*x**5/15 + x**4/3 + 5*x**3/6 - 3*x**2. What are the prime factors of s(7)?
2, 3
Suppose 0 = 3*m - 8*m. Suppose -12 = -m*n - n - 3*y, -59 = -4*n - y. List the prime factors of n.
3, 5
Suppose -3*c = -8*c - 4*k + 37, -4*c - 3*k + 29 = 0. Suppose -4*s + 3*a - 26 = 0, -3 = s + c*a - 8. Let d = 2 - s. What are the prime factors of d?
7
Let a be (-3)/(-4) + (-5)/(-4). Suppose 24 = b - 4*s, 6*b - a*b + 3*s - 20 = 0. List the prime factors of b.
2
Let r be (2 + 0)/(0 + 2). Let h(s) = 6*s**2 - 2*s + 1. List the prime factors of h(r).
5
Suppose -3 = -2*f - 2*u + u, -f = -4*u - 15. Suppose 4*b - f*b = 5. Let i = 13 + b. List the prime factors of i.
2, 3
List the prime factors of 1/(-4 + 394/98).
7
Let k be (-12)/42 + (-46)/(-14). List the prime factors of 4*(k + 3/3).
2
Let s be 6/2 - (-1 - -11). Let b = s - -40. Suppose 2*d + d - b = 4*k, -2 = d + 3*k. List the prime factors of d.
7
Suppose 0 = 4*z + 4*o - 144, 55 = z + 4*o + 16. Suppose 5 = 4*f - z. What are the prime factors of f?
2, 5
Suppose -4*s + 45 = -95. Suppose s = 2*y + 13. List the prime factors of y.
11
Suppose -3*u - 13 - 2 = 0. Let a = 17 + u. Suppose -3*d + a = -4*f + 27, -2*f = -4*d. List the prime factors of f.
2, 3
Let a(d) = 6*d - 7*d**2 - 19 - 4*d**3 + 22 + 3*d**3. List the prime factors of a(-8).
19
Let s(o) = o - 1. Let g be s(4). Suppose 4*b - g - 49 = 0. What are the prime factors of b?
13
Let f(k) = 6*k**2 + 1. Let d be f(-2). Suppose 4*s + s = -d. Let x(c) = -c**3 - 3*c**2 + 7*c + 4. List the prime factors of x(s).
19
Suppose -3*x - 5*m = -3, -3*x + 2*x = 4*m - 8. Let w = x + 15. Let p(c) = -c**3 + 10*c**2 + 12*c - 6. List the prime factors of p(w).
5
Let v be (2 - 3)/((-4)/(-56)). Suppose 4*u - 2*u - 72 = 0. List the prime factors of (-4)/v - u/(-21).
2
Suppose 0*w = w. Suppose 0 = -5*o - w*o. Suppose o = j - 15 + 5. List the prime factors of j.
2, 5
Suppose -80 = v - 6*v. What are the prime factors of v?
2
List the prime factors of 103 + 6/(6/(-3)).
2, 5
Let a(m) = -m**3 + 3*m**2 - 3*m. Let x be a(3). List the prime factors of 2 + x*(-1 + 0).
11
Let b be (-99)/(-6) - 3/6. Let c be b*2/(8/3). List the prime factors of (0 + c)*(-4)/(-6).
2
Suppose -c - c = -112. Let f = 38 - c. List the prime factors of (f/3)/((-6)/8).
2
Suppose -4*r = -8*r + 60. Let w = r + 2. List the prime factors of w.
17
Let i = 11 + -1. List the prime factors of i.
2, 5
Let m = -6 - -10. Suppose -2*y + 4*y - m = 0. List the prime factors of 6/3 + 8 - y.
2
Let r = 114 + -66. What are the prime factors of r?
2, 3
What are the prime factors of (-789)/(-12) - (-6)/(-8)?
5, 13
Suppose -5*w + 4*r + 30 = 0, w + r - 3*r - 6 = 0. Suppose -w*g + 78 = -150. List the prime factors of g.
2, 19
Let i(h) = h + 7. Let t(a) = -1. Let y(k) = i(k) + 4*t(k). Let v be 0 + 6/(-3) + 2. What are the prime factors of y(v)?
3
Let w(x) = -x**3 + 8*x**2 + 12*x + 12. Let n be w(10). Let l = 103 + n. What are the prime factors of l?
5, 7
Let x(t) = -6*t**3 - 2*t**2 - 2*t - 2. What are the prime factors of x(-3)?
2, 37
Let a = 10 - 0. Suppose a = 4*y - 46. List the prime factors of y.
2, 7
What are the prime factors of (-200)/(-15) + (-4)/(-6)?
2, 7
Let t(d) = 7*d**3 - 3*d**2 + d - 3. What are the prime factors of t(3)?
2, 3
Let w(y) = -5*y - 5. Let v be w(8). Let o = -28 - v. List the prime factors of o.
17
Suppose -4*k - j = -46, -4*j + j - 18 = -k. Let r = k + -6. List the prime factors of r.
2, 3
Let p be ((-2)/(-3))/(1/30). List the prime factors of (-9)/15 - (-472)/p.
23
Let n be 65/3 + 1/3. Let h = -37 + n. What are the prime factors of (-50)/(-4)*(-18)/h?
3, 5
Suppose -5*c + 64 = -126. What are the prime factors of c?
2, 19
Let c(t) = -t**2 + 12*t - 3. Let a be c(4). What are the prime factors of a + (2 - -2 - 2)?
31
Suppose -88 = -3*b - b. Suppose -b = -3*p - 4*h, 3*p + 10 = -2*h + 6*h. Suppose -m = 4*z - 15, p*m + 2*z + 2 = 26. What are the prime factors of m?
11
Let n(v) = -v**3 - 3*v**2 - 5*v - 1. Let f be n(-4). Suppose -4*y - 2*k + f + 139 = 0, 2 = 2*k. List the prime factors of y.
43
Suppose 5*u - 37 = 4*d - 0, 4*u - 5*d = 35. Suppose 3*x + u = 4*x. Suppose x*m - 28 = m. What are the prime factors of m?
7
Let c(w) = -1 + 0*w + 3 - 5*w. What are the prime factors of c(-3)?
17
Let j = -133 + 189. What are the prime factors of j?
2, 7
Let z be ((-4)/12)/((-2)/6). Let j(a) = 5*a**2 - a. What are the prime factors of j(z)?
2
Let d be 0 - (-91 + -1 + -1). Suppose -2*f - 2*a + 64 = 0, 3*a + d = 4*f - 0*a. What are the prime factors of f?
3
Let i = 1 - 0. Let f(o) be the first derivative of 3*o**3 + o**2/2 + 1. List the prime factors of f(i).
2, 5
Let d(y) = 2*y - 4. Let x be d(3). Let p(j) = -9*j - 4*j**2 - 9 + 2*j**2 + j**x. List the prime factors of p(-6).
3
Let f be 1/(-3) + (-30)/18. What are the prime factors of (9/f)/((-3)/6)?
3
Let z = 10 + -5. Suppose -z*x - 4*y = -0*y + 33, 5*x + y = -42. What are the prime factors of 2/x - (-707)/63?
11
Let w = -4 + 9. Suppose -3*z - 42 = -w*z. List the prime factors of z.
3, 7
Let u(b) = b**2 + 2*b + 6. Let p be u(-6). Suppose 0*w = 2*w - p. What are the prime factors of 28/5 - (-6)/w?
2, 3
Let x be 2 - (-3 + 6 - 5). Let z = x + 4. What are the prime factors of z?
2
Suppose 0 = 25*k - 27*k + 72. What are the prime factors of k?
2, 3
Let o(k) = -k - 5. Let h be o(-5). List the prime factors of (-1)/(-1) - (h + -41).
2, 3, 7
Let n(z) = z**2 + 5*z - 1. Let k be n(-6). Suppose -k*f + 2*o + 28 = -20, 12 = f + 2*o. What are the prime factors of f?
2, 5
Suppose 5*s = 3*i + 1267 - 205, -5*i - 20 = 0. What are the prime factors of s?
2, 3, 5, 7
Let r = -5 + 9. Suppose j - 2*h + r = 0, -3*j + 5*h - 8 = -0. List the prime factors of j.
2
Let h be (0 - -2 - 3) + 4. Suppose -h*o = 2*o - 5. Suppose -3*y + o + 14 = 0. List the prime factors of y.
5
Let x = 42 + -62. Let c = -4 - x. What are the prime factors of c?
2
What are the prime factors of 41 - (2 - 3)*1?
2, 3, 7
Let b = 4 - 5. Let d = 10 + b. What are the prime factors of d?
3
What are the prime factors of -1 + 8/7 - 92373/(-287)?
2, 7, 23
Suppose -h = s + 2*h + 13, 0 = 2*s + h + 1. Suppose 2 = -s*g - 4*c - 12, 0 = -g - 4*c - 15. Let m(x) = 7*x**2 + 1. What are the prime factors of m(g)?
2
Let k = 306 + -212. List the prime factors of k.
2, 47
Let z = 66 - 125. Let c = z + 84. What are the prime factors of c?
5
Let h(m) = m + 13. Let v be h(-9). Suppose -l + 13 = v*k - 2*l, 4*l + 7 = k. What are the prime factors of k/(2 + -5)*-11?
11
Let j = 19 - -168. List the prime factors of j.
11, 17
Suppose 2*s = 36 + 44. Let x = s - 26. What are the prime factors of x?
2, 7
Let a = 393 + -170. What are the prime factors of a?
223
Let h = 2 - -2. Let s = 12 + h. List the prime factors of s.
2
Suppose -2*t - 2*t = 2*o - 24, 0 = 3*o + 4*t - 26. Suppose 1 = o*z - 1. Suppose 13 = 2*p - z. What are the prime factors of p?
7
Suppose 2 + 28 = 5*i. Let n = i + -1. Let x = 2 + n. List the prime factors of x.
7
Let r be 5/(-10) + (-15)/2. List the prime factors of ((-36)/(-4))/((-6)/r).
2, 3
Let z(i) = -i**3 + i**2 + 3*i - 3. List the prime factors of z(-3).
2, 3
Suppose 176 + 158 = a. Suppose -5*m = -a + 119. What are the prime factors of m?
43
List the prime factors of 3/18 + 215/6.
2, 3
Let w(j) = j**3 + 4*j**2 + 7*j + 8. Let a = -1 + 6. Let y(m) = m**3 + 3*m**2 + 7*m + 9. Let o(k) = a*w(k) - 4*y(k). Li